{"id":93,"date":"2025-08-01T21:22:15","date_gmt":"2025-08-01T19:22:15","guid":{"rendered":"http:\/\/localhost:8080\/?page_id=93"},"modified":"2026-01-24T13:11:04","modified_gmt":"2026-01-24T12:11:04","slug":"les-tractionnettes","status":"publish","type":"page","link":"https:\/\/la-traction-de-provence.fr\/?page_id=93","title":{"rendered":"Les Tractionnettes"},"content":{"rendered":"\n<p>Cette rubrique a \u00e9t\u00e9 cr\u00e9\u00e9e \u00e0 la demande de nos \u00e9pouses et compagnes qui participent, aussi, activement \u00e0 la vie du Club. <\/p>\n\n\n\n<p>Dans cette rubrique, vous trouverez donc les recettes les plus courantes que nous avons l\u2019honneur de d\u00e9guster lors de nos nombreuses sorties en Traction.<br><br>Certaines recettes n&rsquo;ont pas encore r\u00e9sist\u00e9e au changement d&rsquo;h\u00e9bergement. Elles arriveront dans le futur.<\/p>\n\n\n<ul class=\"wp-block-latest-posts__list wp-block-latest-posts\"><li><div class=\"wp-block-latest-posts__featured-image alignleft\"><img loading=\"lazy\" decoding=\"async\" width=\"150\" height=\"150\" src=\"https:\/\/la-traction-de-provence.fr\/wp-content\/uploads\/2025\/08\/keuftes-150x150.jpg\" class=\"attachment-thumbnail size-thumbnail wp-post-image\" alt=\"\" style=\"\" \/><\/div><a class=\"wp-block-latest-posts__post-title\" href=\"https:\/\/la-traction-de-provence.fr\/?p=252\">Keuft\u00e9s \u00e0 la viande<\/a><\/li>\n<\/ul>\n\n\n<p><\/p>\n","protected":false},"excerpt":{"rendered":"<p>Cette rubrique a \u00e9t\u00e9 cr\u00e9\u00e9e \u00e0 la demande de nos \u00e9pouses et compagnes qui participent, aussi, activement \u00e0 la vie du Club. Dans cette rubrique, vous trouverez donc les recettes les plus courantes que nous avons l\u2019honneur de d\u00e9guster lors de nos nombreuses sorties en Traction. Certaines recettes n&rsquo;ont pas encore r\u00e9sist\u00e9e au changement d&rsquo;h\u00e9bergement. [&hellip;]<\/p>\n","protected":false},"author":1,"featured_media":0,"parent":0,"menu_order":0,"comment_status":"closed","ping_status":"closed","template":"","meta":{"footnotes":""},"class_list":["post-93","page","type-page","status-publish","hentry"],"blocksy_meta":[],"_links":{"self":[{"href":"https:\/\/la-traction-de-provence.fr\/index.php?rest_route=\/wp\/v2\/pages\/93","targetHints":{"allow":["GET"]}}],"collection":[{"href":"https:\/\/la-traction-de-provence.fr\/index.php?rest_route=\/wp\/v2\/pages"}],"about":[{"href":"https:\/\/la-traction-de-provence.fr\/index.php?rest_route=\/wp\/v2\/types\/page"}],"author":[{"embeddable":true,"href":"https:\/\/la-traction-de-provence.fr\/index.php?rest_route=\/wp\/v2\/users\/1"}],"replies":[{"embeddable":true,"href":"https:\/\/la-traction-de-provence.fr\/index.php?rest_route=%2Fwp%2Fv2%2Fcomments&post=93"}],"version-history":[{"count":8,"href":"https:\/\/la-traction-de-provence.fr\/index.php?rest_route=\/wp\/v2\/pages\/93\/revisions"}],"predecessor-version":[{"id":274,"href":"https:\/\/la-traction-de-provence.fr\/index.php?rest_route=\/wp\/v2\/pages\/93\/revisions\/274"}],"wp:attachment":[{"href":"https:\/\/la-traction-de-provence.fr\/index.php?rest_route=%2Fwp%2Fv2%2Fmedia&parent=93"}],"curies":[{"name":"wp","href":"https:\/\/api.w.org\/{rel}","templated":true}]}}