{"id":89,"date":"2025-08-01T21:21:50","date_gmt":"2025-08-01T19:21:50","guid":{"rendered":"http:\/\/localhost:8080\/?page_id=89"},"modified":"2025-08-02T17:00:24","modified_gmt":"2025-08-02T15:00:24","slug":"nous-contacter","status":"publish","type":"page","link":"https:\/\/la-traction-de-provence.fr\/?page_id=89","title":{"rendered":"Nous contacter"},"content":{"rendered":"\n<p class=\"has-text-align-center has-medium-font-size\"><strong>LA TRACTION DE PROVENCE<\/strong><br>195, av Fran\u00e7ois Mitterrand &#8211; 13170 LES PENNES MIRABEAU<br><a href=\"mailto:latractiondeprovence@gmail.com\">latractiondeprovence@gmail.com<\/a><\/p>\n\n\n\n<p><\/p>\n\n\n\n<p class=\"has-medium-font-size\">Pr\u00e9sident&nbsp;:&nbsp;<strong>Jean-Luc RICHAUD<\/strong><\/p>\n\n\n\n<figure class=\"wp-block-image alignright size-full\"><img loading=\"lazy\" decoding=\"async\" width=\"639\" height=\"353\" src=\"https:\/\/la-traction-de-provence.fr\/wp-content\/uploads\/2025\/08\/club-contact-2.jpg\" alt=\"\" class=\"wp-image-185\" srcset=\"https:\/\/la-traction-de-provence.fr\/wp-content\/uploads\/2025\/08\/club-contact-2.jpg 639w, https:\/\/la-traction-de-provence.fr\/wp-content\/uploads\/2025\/08\/club-contact-2-300x166.jpg 300w\" sizes=\"auto, (max-width: 639px) 100vw, 639px\" \/><\/figure>\n\n\n\n<p class=\"has-medium-font-size\">Tr\u00e9sorier<strong>&nbsp;: Jo GUAIANA<\/strong><\/p>\n\n\n\n<p class=\"has-medium-font-size\">Secr\u00e9taire&nbsp;:&nbsp;<strong>Jean-Marc VAN MORLEGHEM<\/strong> &#8211; <mark style=\"background-color:rgba(0, 0, 0, 0)\" class=\"has-inline-color has-palette-color-1-color\"><strong>04 91 82 26 23<\/strong><\/mark><\/p>\n\n\n\n<p class=\"has-medium-font-size\">Secr\u00e9taire Adjointe&nbsp;<strong>&nbsp;: Martine GUA\u00cfANA<\/strong><\/p>\n\n\n\n<p class=\"has-medium-font-size\">Pi\u00e8ces d\u00e9tach\u00e9es&nbsp;<strong>&nbsp;: Jean-Philippe DELERCE<\/strong> &#8211; <a href=\"mailto:latractiondeprovence@gmail.com\" data-type=\"mailto\" data-id=\"mailto:latractiondeprovence@gmail.com\">ltdp.pieces@orange.fr<\/a> <\/p>\n\n\n\n<p class=\"has-medium-font-size\">Location outils&nbsp;:&nbsp;<strong>Joseph GUAIANA<\/strong><\/p>\n\n\n\n<p class=\"has-medium-font-size\">Site internet&nbsp;et Lettre du Club&nbsp;<strong>&nbsp;: Nathalie DELERCE<\/strong><\/p>\n\n\n\n<p><\/p>\n","protected":false},"excerpt":{"rendered":"<p>LA TRACTION DE PROVENCE195, av Fran\u00e7ois Mitterrand &#8211; 13170 LES PENNES MIRABEAUlatractiondeprovence@gmail.com Pr\u00e9sident&nbsp;:&nbsp;Jean-Luc RICHAUD Tr\u00e9sorier&nbsp;: Jo GUAIANA Secr\u00e9taire&nbsp;:&nbsp;Jean-Marc VAN MORLEGHEM &#8211; 04 91 82 26 23 Secr\u00e9taire Adjointe&nbsp;&nbsp;: Martine GUA\u00cfANA Pi\u00e8ces d\u00e9tach\u00e9es&nbsp;&nbsp;: Jean-Philippe DELERCE &#8211; ltdp.pieces@orange.fr Location outils&nbsp;:&nbsp;Joseph GUAIANA Site internet&nbsp;et Lettre du Club&nbsp;&nbsp;: Nathalie DELERCE<\/p>\n","protected":false},"author":1,"featured_media":0,"parent":0,"menu_order":0,"comment_status":"closed","ping_status":"closed","template":"","meta":{"footnotes":""},"class_list":["post-89","page","type-page","status-publish","hentry"],"blocksy_meta":[],"_links":{"self":[{"href":"https:\/\/la-traction-de-provence.fr\/index.php?rest_route=\/wp\/v2\/pages\/89","targetHints":{"allow":["GET"]}}],"collection":[{"href":"https:\/\/la-traction-de-provence.fr\/index.php?rest_route=\/wp\/v2\/pages"}],"about":[{"href":"https:\/\/la-traction-de-provence.fr\/index.php?rest_route=\/wp\/v2\/types\/page"}],"author":[{"embeddable":true,"href":"https:\/\/la-traction-de-provence.fr\/index.php?rest_route=\/wp\/v2\/users\/1"}],"replies":[{"embeddable":true,"href":"https:\/\/la-traction-de-provence.fr\/index.php?rest_route=%2Fwp%2Fv2%2Fcomments&post=89"}],"version-history":[{"count":4,"href":"https:\/\/la-traction-de-provence.fr\/index.php?rest_route=\/wp\/v2\/pages\/89\/revisions"}],"predecessor-version":[{"id":190,"href":"https:\/\/la-traction-de-provence.fr\/index.php?rest_route=\/wp\/v2\/pages\/89\/revisions\/190"}],"wp:attachment":[{"href":"https:\/\/la-traction-de-provence.fr\/index.php?rest_route=%2Fwp%2Fv2%2Fmedia&parent=89"}],"curies":[{"name":"wp","href":"https:\/\/api.w.org\/{rel}","templated":true}]}}

<p class="has-text-align-center has-medium-font-size"><strong>LA TRACTION DE PROVENCE</strong><br>195, av François Mitterrand &#8211; 13170 LES PENNES MIRABEAU<br><a href="mailto:latractiondeprovence@gmail.com">latractiondeprovence@gmail.com</a></p>



<p></p>



<p class="has-medium-font-size">Président&nbsp;:&nbsp;<strong>Jean-Luc RICHAUD</strong></p>



<figure class="wp-block-image alignright size-full"><img loading="lazy" decoding="async" width="639" height="353" src="https://la-traction-de-provence.fr/wp-content/uploads/2025/08/club-contact-2.jpg" alt="" class="wp-image-185" srcset="https://la-traction-de-provence.fr/wp-content/uploads/2025/08/club-contact-2.jpg 639w, https://la-traction-de-provence.fr/wp-content/uploads/2025/08/club-contact-2-300x166.jpg 300w" sizes="auto, (max-width: 639px) 100vw, 639px" /></figure>



<p class="has-medium-font-size">Trésorier<strong>&nbsp;: Jo GUAIANA</strong></p>



<p class="has-medium-font-size">Secrétaire&nbsp;:&nbsp;<strong>Jean-Marc VAN MORLEGHEM</strong> &#8211; <mark style="background-color:rgba(0, 0, 0, 0)" class="has-inline-color has-palette-color-1-color"><strong>04 91 82 26 23</strong></mark></p>



<p class="has-medium-font-size">Secrétaire Adjointe&nbsp;<strong>&nbsp;: Martine GUAÏANA</strong></p>



<p class="has-medium-font-size">Pièces détachées&nbsp;<strong>&nbsp;: Jean-Philippe DELERCE</strong> &#8211; <a href="mailto:latractiondeprovence@gmail.com" data-type="mailto" data-id="mailto:latractiondeprovence@gmail.com">ltdp.pieces@orange.fr</a> </p>



<p class="has-medium-font-size">Location outils&nbsp;:&nbsp;<strong>Joseph GUAIANA</strong></p>



<p class="has-medium-font-size">Site internet&nbsp;et Lettre du Club&nbsp;<strong>&nbsp;: Nathalie DELERCE</strong></p>



<p></p>

<p>LA TRACTION DE PROVENCE195, av François Mitterrand &#8211; 13170 LES PENNES MIRABEAUlatractiondeprovence@gmail.com Président&nbsp;:&nbsp;Jean-Luc RICHAUD Trésorier&nbsp;: Jo GUAIANA Secrétaire&nbsp;:&nbsp;Jean-Marc VAN MORLEGHEM &#8211; 04 91 82 26 23 Secrétaire Adjointe&nbsp;&nbsp;: Martine GUAÏANA Pièces détachées&nbsp;&nbsp;: Jean-Philippe DELERCE &#8211; ltdp.pieces@orange.fr Location outils&nbsp;:&nbsp;Joseph GUAIANA Site internet&nbsp;et Lettre du Club&nbsp;&nbsp;: Nathalie DELERCE</p>
