{"id":85,"date":"2025-08-01T21:21:27","date_gmt":"2025-08-01T19:21:27","guid":{"rendered":"http:\/\/localhost:8080\/?page_id=85"},"modified":"2025-08-02T17:04:10","modified_gmt":"2025-08-02T15:04:10","slug":"quai-de-javel","status":"publish","type":"page","link":"https:\/\/la-traction-de-provence.fr\/?page_id=85","title":{"rendered":"Quai de Javel"},"content":{"rendered":"\n<p><\/p>\n\n\n\n<p class=\"has-medium-font-size\">Notre quai de Javel est au <strong>195 av Fran\u00e7ois Mitterrand<\/strong> aux <strong>Pennes Mirabeau<\/strong>\u00a0!<\/p>\n\n\n\n<p class=\"has-medium-font-size\"><br>Vous y trouverez un service de pi\u00e8ces d\u00e9tach\u00e9es, tout l\u2019outillage n\u00e9cessaire pour d\u00e9panner votre Traction, mais aussi des conseils, des trucs et astuces\u2026 et surtout beaucoup de bonne humeur.<\/p>\n\n\n\n<figure class=\"wp-block-image alignright size-full has-custom-border\"><img loading=\"lazy\" decoding=\"async\" width=\"500\" height=\"333\" src=\"https:\/\/la-traction-de-provence.fr\/wp-content\/uploads\/2025\/08\/arton42.jpg\" alt=\"\" class=\"has-border-color has-palette-color-1-border-color wp-image-193\" srcset=\"https:\/\/la-traction-de-provence.fr\/wp-content\/uploads\/2025\/08\/arton42.jpg 500w, https:\/\/la-traction-de-provence.fr\/wp-content\/uploads\/2025\/08\/arton42-300x200.jpg 300w\" sizes=\"auto, (max-width: 500px) 100vw, 500px\" \/><\/figure>\n\n\n\n<p class=\"has-medium-font-size\"><br>Et comme nous n\u2019en avons jamais assez de parler de Traction, nous nous y r\u00e9unissons une fois par mois.<\/p>\n\n\n\n<p class=\"has-medium-font-size\"><br>Rendez-vous donc \u00e0 21 heures tous les 1er vendredi du mois, quai de javel bien s\u00fbr&nbsp;!<\/p>\n\n\n\n<p><\/p>\n","protected":false},"excerpt":{"rendered":"<p>Notre quai de Javel est au 195 av Fran\u00e7ois Mitterrand aux Pennes Mirabeau\u00a0! Vous y trouverez un service de pi\u00e8ces d\u00e9tach\u00e9es, tout l\u2019outillage n\u00e9cessaire pour d\u00e9panner votre Traction, mais aussi des conseils, des trucs et astuces\u2026 et surtout beaucoup de bonne humeur. Et comme nous n\u2019en avons jamais assez de parler de Traction, nous nous [&hellip;]<\/p>\n","protected":false},"author":1,"featured_media":0,"parent":0,"menu_order":0,"comment_status":"closed","ping_status":"closed","template":"","meta":{"footnotes":""},"class_list":["post-85","page","type-page","status-publish","hentry"],"blocksy_meta":[],"_links":{"self":[{"href":"https:\/\/la-traction-de-provence.fr\/index.php?rest_route=\/wp\/v2\/pages\/85","targetHints":{"allow":["GET"]}}],"collection":[{"href":"https:\/\/la-traction-de-provence.fr\/index.php?rest_route=\/wp\/v2\/pages"}],"about":[{"href":"https:\/\/la-traction-de-provence.fr\/index.php?rest_route=\/wp\/v2\/types\/page"}],"author":[{"embeddable":true,"href":"https:\/\/la-traction-de-provence.fr\/index.php?rest_route=\/wp\/v2\/users\/1"}],"replies":[{"embeddable":true,"href":"https:\/\/la-traction-de-provence.fr\/index.php?rest_route=%2Fwp%2Fv2%2Fcomments&post=85"}],"version-history":[{"count":3,"href":"https:\/\/la-traction-de-provence.fr\/index.php?rest_route=\/wp\/v2\/pages\/85\/revisions"}],"predecessor-version":[{"id":195,"href":"https:\/\/la-traction-de-provence.fr\/index.php?rest_route=\/wp\/v2\/pages\/85\/revisions\/195"}],"wp:attachment":[{"href":"https:\/\/la-traction-de-provence.fr\/index.php?rest_route=%2Fwp%2Fv2%2Fmedia&parent=85"}],"curies":[{"name":"wp","href":"https:\/\/api.w.org\/{rel}","templated":true}]}}

<p></p>



<p class="has-medium-font-size">Notre quai de Javel est au <strong>195 av François Mitterrand</strong> aux <strong>Pennes Mirabeau</strong> !</p>



<p class="has-medium-font-size"><br>Vous y trouverez un service de pièces détachées, tout l’outillage nécessaire pour dépanner votre Traction, mais aussi des conseils, des trucs et astuces… et surtout beaucoup de bonne humeur.</p>



<figure class="wp-block-image alignright size-full has-custom-border"><img loading="lazy" decoding="async" width="500" height="333" src="https://la-traction-de-provence.fr/wp-content/uploads/2025/08/arton42.jpg" alt="" class="has-border-color has-palette-color-1-border-color wp-image-193" srcset="https://la-traction-de-provence.fr/wp-content/uploads/2025/08/arton42.jpg 500w, https://la-traction-de-provence.fr/wp-content/uploads/2025/08/arton42-300x200.jpg 300w" sizes="auto, (max-width: 500px) 100vw, 500px" /></figure>



<p class="has-medium-font-size"><br>Et comme nous n’en avons jamais assez de parler de Traction, nous nous y réunissons une fois par mois.</p>



<p class="has-medium-font-size"><br>Rendez-vous donc à 21 heures tous les 1er vendredi du mois, quai de javel bien sûr&nbsp;!</p>



<p></p>

<p>Notre quai de Javel est au 195 av François Mitterrand aux Pennes Mirabeau ! Vous y trouverez un service de pièces détachées, tout l’outillage nécessaire pour dépanner votre Traction, mais aussi des conseils, des trucs et astuces… et surtout beaucoup de bonne humeur. Et comme nous n’en avons jamais assez de parler de Traction, nous nous [&hellip;]</p>
