{"id":75,"date":"2025-08-01T21:18:10","date_gmt":"2025-08-01T19:18:10","guid":{"rendered":"http:\/\/localhost:8080\/?page_id=75"},"modified":"2025-08-30T09:14:15","modified_gmt":"2025-08-30T07:14:15","slug":"les-mains-sales","status":"publish","type":"page","link":"https:\/\/la-traction-de-provence.fr\/?page_id=75","title":{"rendered":"LES MAINS SALES"},"content":{"rendered":"\n<ul class=\"wp-block-list\">\n<li><a href=\"https:\/\/la-traction-de-provence.fr\/?page_id=101\" data-type=\"page\" data-id=\"101\">Dictionnaire des r\u00e9parations<\/a><\/li>\n\n\n\n<li><a href=\"https:\/\/la-traction-de-provence.fr\/?page_id=103\" data-type=\"page\" data-id=\"103\">Catalogue des pi\u00e8ces d\u00e9tach\u00e9es<\/a><\/li>\n\n\n\n<li><a href=\"https:\/\/la-traction-de-provence.fr\/?page_id=105\" data-type=\"page\" data-id=\"105\">Revues techniques<\/a><\/li>\n\n\n\n<li><a href=\"https:\/\/la-traction-de-provence.fr\/?page_id=107\" data-type=\"page\" data-id=\"107\">Manuels et notices<\/a><\/li>\n\n\n\n<li><a href=\"https:\/\/la-traction-de-provence.fr\/?page_id=109\" data-type=\"page\" data-id=\"109\">Electricit\u00e9<\/a><\/li>\n\n\n\n<li><a href=\"https:\/\/la-traction-de-provence.fr\/?page_id=111\" data-type=\"page\" data-id=\"111\">Graissage<\/a><\/li>\n\n\n\n<li><a href=\"https:\/\/la-traction-de-provence.fr\/?page_id=113\" data-type=\"page\" data-id=\"113\">Carrosserie<\/a><\/li>\n\n\n\n<li><a href=\"https:\/\/la-traction-de-provence.fr\/?page_id=115\" data-type=\"page\" data-id=\"115\">Outils<\/a><\/li>\n\n\n\n<li><a href=\"https:\/\/la-traction-de-provence.fr\/?page_id=117\" data-type=\"page\" data-id=\"117\">M\u00e9canique<\/a><\/li>\n\n\n\n<li><a href=\"https:\/\/la-traction-de-provence.fr\/?page_id=119\" data-type=\"page\" data-id=\"119\">Trucs et astuces<\/a><\/li>\n<\/ul>\n\n\n\n<p><\/p>\n","protected":false},"excerpt":{"rendered":"","protected":false},"author":1,"featured_media":0,"parent":0,"menu_order":0,"comment_status":"closed","ping_status":"closed","template":"","meta":{"footnotes":""},"class_list":["post-75","page","type-page","status-publish","hentry"],"blocksy_meta":[],"_links":{"self":[{"href":"https:\/\/la-traction-de-provence.fr\/index.php?rest_route=\/wp\/v2\/pages\/75","targetHints":{"allow":["GET"]}}],"collection":[{"href":"https:\/\/la-traction-de-provence.fr\/index.php?rest_route=\/wp\/v2\/pages"}],"about":[{"href":"https:\/\/la-traction-de-provence.fr\/index.php?rest_route=\/wp\/v2\/types\/page"}],"author":[{"embeddable":true,"href":"https:\/\/la-traction-de-provence.fr\/index.php?rest_route=\/wp\/v2\/users\/1"}],"replies":[{"embeddable":true,"href":"https:\/\/la-traction-de-provence.fr\/index.php?rest_route=%2Fwp%2Fv2%2Fcomments&post=75"}],"version-history":[{"count":3,"href":"https:\/\/la-traction-de-provence.fr\/index.php?rest_route=\/wp\/v2\/pages\/75\/revisions"}],"predecessor-version":[{"id":265,"href":"https:\/\/la-traction-de-provence.fr\/index.php?rest_route=\/wp\/v2\/pages\/75\/revisions\/265"}],"wp:attachment":[{"href":"https:\/\/la-traction-de-provence.fr\/index.php?rest_route=%2Fwp%2Fv2%2Fmedia&parent=75"}],"curies":[{"name":"wp","href":"https:\/\/api.w.org\/{rel}","templated":true}]}}