{"id":73,"date":"2025-08-01T21:17:54","date_gmt":"2025-08-01T19:17:54","guid":{"rendered":"http:\/\/localhost:8080\/?page_id=73"},"modified":"2025-08-02T18:06:01","modified_gmt":"2025-08-02T16:06:01","slug":"nos-routracs","status":"publish","type":"page","link":"https:\/\/la-traction-de-provence.fr\/?page_id=73","title":{"rendered":"NOS ROUTRACS"},"content":{"rendered":"\n<p class=\"has-medium-font-size\">Depuis plus de 40 ans, nous aimons balader en Traction, \u00e0 c\u00f4t\u00e9 de chez nous ou plus loin en France, en Europe et m\u00eame sur d\u2019autres continents.&nbsp;Tout est plaisir en Traction, nous appr\u00e9cions rouler, voyager, et surtout nous retrouver pour partager des&nbsp;moments de&nbsp;convivialit\u00e9 autour de piques niques gargantuesques. Notre sortie incontournable \u00e0 ne pas manquer&nbsp;: Pentec\u00f4te. Pendant 3 jours nous avons la joie de&nbsp;parcourir ensemble les routes en Traction \u00e0 la d\u00e9couverte de belles r\u00e9gions.<\/p>\n\n\n<ul style=\"border-top-color:var(--wp--preset--color--palette-color-3);border-bottom-color:var(--wp--preset--color--palette-color-3); padding-top:0;padding-bottom:0;\" class=\"wp-block-latest-posts__list wp-block-latest-posts has-medium-font-size\"><\/ul>\n\n\n<p><\/p>\n","protected":false},"excerpt":{"rendered":"<p>Depuis plus de 40 ans, nous aimons balader en Traction, \u00e0 c\u00f4t\u00e9 de chez nous ou plus loin en France, en Europe et m\u00eame sur d\u2019autres continents.&nbsp;Tout est plaisir en Traction, nous appr\u00e9cions rouler, voyager, et surtout nous retrouver pour partager des&nbsp;moments de&nbsp;convivialit\u00e9 autour de piques niques gargantuesques. Notre sortie incontournable \u00e0 ne pas manquer&nbsp;: [&hellip;]<\/p>\n","protected":false},"author":1,"featured_media":0,"parent":0,"menu_order":0,"comment_status":"closed","ping_status":"closed","template":"","meta":{"footnotes":""},"class_list":["post-73","page","type-page","status-publish","hentry"],"blocksy_meta":[],"_links":{"self":[{"href":"https:\/\/la-traction-de-provence.fr\/index.php?rest_route=\/wp\/v2\/pages\/73","targetHints":{"allow":["GET"]}}],"collection":[{"href":"https:\/\/la-traction-de-provence.fr\/index.php?rest_route=\/wp\/v2\/pages"}],"about":[{"href":"https:\/\/la-traction-de-provence.fr\/index.php?rest_route=\/wp\/v2\/types\/page"}],"author":[{"embeddable":true,"href":"https:\/\/la-traction-de-provence.fr\/index.php?rest_route=\/wp\/v2\/users\/1"}],"replies":[{"embeddable":true,"href":"https:\/\/la-traction-de-provence.fr\/index.php?rest_route=%2Fwp%2Fv2%2Fcomments&post=73"}],"version-history":[{"count":8,"href":"https:\/\/la-traction-de-provence.fr\/index.php?rest_route=\/wp\/v2\/pages\/73\/revisions"}],"predecessor-version":[{"id":257,"href":"https:\/\/la-traction-de-provence.fr\/index.php?rest_route=\/wp\/v2\/pages\/73\/revisions\/257"}],"wp:attachment":[{"href":"https:\/\/la-traction-de-provence.fr\/index.php?rest_route=%2Fwp%2Fv2%2Fmedia&parent=73"}],"curies":[{"name":"wp","href":"https:\/\/api.w.org\/{rel}","templated":true}]}}

<p class="has-medium-font-size">Depuis plus de 40 ans, nous aimons balader en Traction, à côté de chez nous ou plus loin en France, en Europe et même sur d’autres continents.&nbsp;Tout est plaisir en Traction, nous apprécions rouler, voyager, et surtout nous retrouver pour partager des&nbsp;moments de&nbsp;convivialité autour de piques niques gargantuesques. Notre sortie incontournable à ne pas manquer&nbsp;: Pentecôte. Pendant 3 jours nous avons la joie de&nbsp;parcourir ensemble les routes en Traction à la découverte de belles régions.</p>


<ul style="border-top-color:var(--wp--preset--color--palette-color-3);border-bottom-color:var(--wp--preset--color--palette-color-3); padding-top:0;padding-bottom:0;" class="wp-block-latest-posts__list wp-block-latest-posts has-medium-font-size"></ul>


<p></p>

<p>Depuis plus de 40 ans, nous aimons balader en Traction, à côté de chez nous ou plus loin en France, en Europe et même sur d’autres continents.&nbsp;Tout est plaisir en Traction, nous apprécions rouler, voyager, et surtout nous retrouver pour partager des&nbsp;moments de&nbsp;convivialité autour de piques niques gargantuesques. Notre sortie incontournable à ne pas manquer&nbsp;: [&hellip;]</p>
