{"id":2,"date":"2025-07-30T11:41:22","date_gmt":"2025-07-30T09:41:22","guid":{"rendered":"http:\/\/localhost:8080\/?page_id=2"},"modified":"2026-01-24T14:38:55","modified_gmt":"2026-01-24T13:38:55","slug":"page-d-exemple","status":"publish","type":"page","link":"https:\/\/la-traction-de-provence.fr\/","title":{"rendered":"Bienvenue chez La Traction de Provence"},"content":{"rendered":"\n<p><strong>La Traction de Provence<\/strong> est un club d\u00e9di\u00e9 \u00e0 la passion, \u00e0 la pr\u00e9servation et \u00e0 la mise en valeur d\u2019un monument de l\u2019automobile fran\u00e7aise : la mythique <strong>Citro\u00ebn Traction Avant<\/strong>.<\/p>\n\n\n\n<p>Cr\u00e9\u00e9 par des passionn\u00e9s, notre club rassemble amateurs, collectionneurs, restaurateurs et curieux autour d\u2019un amour commun pour cette voiture embl\u00e9matique, symbole d&rsquo;innovation et de libert\u00e9. Install\u00e9s en Provence, nous faisons vivre la Traction au c\u0153ur de notre r\u00e9gion \u00e0 travers <strong>rencontres, balades, expositions et \u00e9v\u00e9nements culturels<\/strong>.<br><br>Le site et ses donn\u00e9es sont encore en r\u00e9cup\u00e9ration.<\/p>\n\n\n\n<h3 class=\"wp-block-heading\">Nos missions :<\/h3>\n\n\n\n<ul class=\"wp-block-list\">\n<li><strong>Partager<\/strong> la passion de la Traction avec le plus grand nombre<\/li>\n\n\n\n<li><strong>Pr\u00e9server<\/strong> et restaurer ces v\u00e9hicules d\u2019\u00e9poque dans le respect de l\u2019authenticit\u00e9<\/li>\n\n\n\n<li><strong>Faire vivre<\/strong> un patrimoine roulant lors de sorties conviviales \u00e0 travers les paysages proven\u00e7aux<\/li>\n\n\n\n<li><strong>Cr\u00e9er du lien<\/strong> entre g\u00e9n\u00e9rations autour d\u2019une passion commune<\/li>\n<\/ul>\n\n\n\n<p>Que vous soyez propri\u00e9taire d\u2019une Traction, en qu\u00eate de conseils pour restaurer la v\u00f4tre, ou simplement curieux de d\u00e9couvrir cette ic\u00f4ne de l\u2019automobile, <strong><a href=\"https:\/\/la-traction-de-provence.fr\/?page_id=46\" data-type=\"page\" data-id=\"46\">La Traction de Provence vous ouvre ses portes<\/a><\/strong> !<\/p>\n\n\n\n<div class=\"wp-block-group is-layout-constrained wp-block-group-is-layout-constrained\">\n<div class=\"wp-block-columns is-layout-flex wp-container-core-columns-is-layout-28f84493 wp-block-columns-is-layout-flex\">\n<div class=\"wp-block-column is-layout-flow wp-block-column-is-layout-flow\">\n<h2 class=\"wp-block-heading\">Photo du mois<\/h2>\n<\/div>\n<\/div>\n<\/div>\n\n\n\n<figure class=\"wp-block-image aligncenter size-full is-resized\"><img loading=\"lazy\" decoding=\"async\" width=\"1024\" height=\"576\" src=\"https:\/\/la-traction-de-provence.fr\/wp-content\/uploads\/2025\/08\/202410.jpg\" alt=\"\" class=\"wp-image-42\" style=\"width:1060px;height:auto\" srcset=\"https:\/\/la-traction-de-provence.fr\/wp-content\/uploads\/2025\/08\/202410.jpg 1024w, https:\/\/la-traction-de-provence.fr\/wp-content\/uploads\/2025\/08\/202410-300x169.jpg 300w, https:\/\/la-traction-de-provence.fr\/wp-content\/uploads\/2025\/08\/202410-768x432.jpg 768w\" sizes=\"auto, (max-width: 1024px) 100vw, 1024px\" \/><\/figure>\n\n\n\n<p><\/p>\n","protected":false},"excerpt":{"rendered":"<p>La Traction de Provence est un club d\u00e9di\u00e9 \u00e0 la passion, \u00e0 la pr\u00e9servation et \u00e0 la mise en valeur d\u2019un monument de l\u2019automobile fran\u00e7aise : la mythique Citro\u00ebn Traction Avant. Cr\u00e9\u00e9 par des passionn\u00e9s, notre club rassemble amateurs, collectionneurs, restaurateurs et curieux autour d\u2019un amour commun pour cette voiture embl\u00e9matique, symbole d&rsquo;innovation et de [&hellip;]<\/p>\n","protected":false},"author":1,"featured_media":29,"parent":0,"menu_order":0,"comment_status":"closed","ping_status":"open","template":"","meta":{"footnotes":""},"class_list":["post-2","page","type-page","status-publish","has-post-thumbnail","hentry"],"blocksy_meta":[],"_links":{"self":[{"href":"https:\/\/la-traction-de-provence.fr\/index.php?rest_route=\/wp\/v2\/pages\/2","targetHints":{"allow":["GET"]}}],"collection":[{"href":"https:\/\/la-traction-de-provence.fr\/index.php?rest_route=\/wp\/v2\/pages"}],"about":[{"href":"https:\/\/la-traction-de-provence.fr\/index.php?rest_route=\/wp\/v2\/types\/page"}],"author":[{"embeddable":true,"href":"https:\/\/la-traction-de-provence.fr\/index.php?rest_route=\/wp\/v2\/users\/1"}],"replies":[{"embeddable":true,"href":"https:\/\/la-traction-de-provence.fr\/index.php?rest_route=%2Fwp%2Fv2%2Fcomments&post=2"}],"version-history":[{"count":8,"href":"https:\/\/la-traction-de-provence.fr\/index.php?rest_route=\/wp\/v2\/pages\/2\/revisions"}],"predecessor-version":[{"id":280,"href":"https:\/\/la-traction-de-provence.fr\/index.php?rest_route=\/wp\/v2\/pages\/2\/revisions\/280"}],"wp:featuredmedia":[{"embeddable":true,"href":"https:\/\/la-traction-de-provence.fr\/index.php?rest_route=\/wp\/v2\/media\/29"}],"wp:attachment":[{"href":"https:\/\/la-traction-de-provence.fr\/index.php?rest_route=%2Fwp%2Fv2%2Fmedia&parent=2"}],"curies":[{"name":"wp","href":"https:\/\/api.w.org\/{rel}","templated":true}]}}

<p><strong>La Traction de Provence</strong> est un club dédié à la passion, à la préservation et à la mise en valeur d’un monument de l’automobile française : la mythique <strong>Citroën Traction Avant</strong>.</p>



<p>Créé par des passionnés, notre club rassemble amateurs, collectionneurs, restaurateurs et curieux autour d’un amour commun pour cette voiture emblématique, symbole d&rsquo;innovation et de liberté. Installés en Provence, nous faisons vivre la Traction au cœur de notre région à travers <strong>rencontres, balades, expositions et événements culturels</strong>.<br><br>Le site et ses données sont encore en récupération.</p>



<h3 class="wp-block-heading">Nos missions :</h3>



<ul class="wp-block-list">
<li><strong>Partager</strong> la passion de la Traction avec le plus grand nombre</li>



<li><strong>Préserver</strong> et restaurer ces véhicules d’époque dans le respect de l’authenticité</li>



<li><strong>Faire vivre</strong> un patrimoine roulant lors de sorties conviviales à travers les paysages provençaux</li>



<li><strong>Créer du lien</strong> entre générations autour d’une passion commune</li>
</ul>



<p>Que vous soyez propriétaire d’une Traction, en quête de conseils pour restaurer la vôtre, ou simplement curieux de découvrir cette icône de l’automobile, <strong><a href="https://la-traction-de-provence.fr/?page_id=46" data-type="page" data-id="46">La Traction de Provence vous ouvre ses portes</a></strong> !</p>



<div class="wp-block-group is-layout-constrained wp-block-group-is-layout-constrained">
<div class="wp-block-columns is-layout-flex wp-container-core-columns-is-layout-28f84493 wp-block-columns-is-layout-flex">
<div class="wp-block-column is-layout-flow wp-block-column-is-layout-flow">
<h2 class="wp-block-heading">Photo du mois</h2>
</div>
</div>
</div>



<figure class="wp-block-image aligncenter size-full is-resized"><img loading="lazy" decoding="async" width="1024" height="576" src="https://la-traction-de-provence.fr/wp-content/uploads/2025/08/202410.jpg" alt="" class="wp-image-42" style="width:1060px;height:auto" srcset="https://la-traction-de-provence.fr/wp-content/uploads/2025/08/202410.jpg 1024w, https://la-traction-de-provence.fr/wp-content/uploads/2025/08/202410-300x169.jpg 300w, https://la-traction-de-provence.fr/wp-content/uploads/2025/08/202410-768x432.jpg 768w" sizes="auto, (max-width: 1024px) 100vw, 1024px" /></figure>



<p></p>

<p>La Traction de Provence est un club dédié à la passion, à la préservation et à la mise en valeur d’un monument de l’automobile française : la mythique Citroën Traction Avant. Créé par des passionnés, notre club rassemble amateurs, collectionneurs, restaurateurs et curieux autour d’un amour commun pour cette voiture emblématique, symbole d&rsquo;innovation et de [&hellip;]</p>
